{"id":25,"date":"2016-07-08T10:17:05","date_gmt":"2016-07-08T08:17:05","guid":{"rendered":"http:\/\/www.haus-betty.de\/?page_id=25"},"modified":"2016-07-08T19:38:49","modified_gmt":"2016-07-08T17:38:49","slug":"schlafzimmer-im-erdgeschoss","status":"publish","type":"page","link":"https:\/\/www.haus-betty.de\/index.php\/schlafzimmer-im-erdgeschoss\/","title":{"rendered":"Schlafzimmer im Erdgeschoss"},"content":{"rendered":"<p>Im Erdgeschoss stehen Ihnen gleich 2 Schlafzimmer zur Verf\u00fcgung. In beiden Schlafzimmern steht f\u00fcr einen erholsamen Schlaf ein Boxspringbett zur Verf\u00fcgung. Im gro\u00dfen Schlafzimmer bietet ein gro\u00dfer Kleiderschrank mit einem integrierten Safe viel Platz f\u00fcr Ihre Kleidung und Accessoires. Hier kann falls n\u00f6tig ein Kinderreisebett zugestellt werden. Im zweiten Schlafzimmer steht ebenfalls ein Kleiderschrank mit Safe zur Verf\u00fcgung.<\/p>\n<p>&nbsp;<\/p>\n","protected":false},"excerpt":{"rendered":"<p>Im Erdgeschoss stehen Ihnen gleich 2 Schlafzimmer zur Verf\u00fcgung. In beiden Schlafzimmern steht f\u00fcr einen erholsamen Schlaf ein Boxspringbett zur Verf\u00fcgung. Im gro\u00dfen Schlafzimmer bietet ein gro\u00dfer Kleiderschrank mit einem integrierten Safe viel Platz f\u00fcr Ihre Kleidung und Accessoires. Hier kann falls&#46;&#46;&#46; <a href=\"https:\/\/www.haus-betty.de\/index.php\/schlafzimmer-im-erdgeschoss\/\" class=\"more\">(more)<\/a><\/p>\n","protected":false},"author":1,"featured_media":0,"parent":0,"menu_order":0,"comment_status":"closed","ping_status":"closed","template":"","meta":[],"_links":{"self":[{"href":"https:\/\/www.haus-betty.de\/index.php\/wp-json\/wp\/v2\/pages\/25"}],"collection":[{"href":"https:\/\/www.haus-betty.de\/index.php\/wp-json\/wp\/v2\/pages"}],"about":[{"href":"https:\/\/www.haus-betty.de\/index.php\/wp-json\/wp\/v2\/types\/page"}],"author":[{"embeddable":true,"href":"https:\/\/www.haus-betty.de\/index.php\/wp-json\/wp\/v2\/users\/1"}],"replies":[{"embeddable":true,"href":"https:\/\/www.haus-betty.de\/index.php\/wp-json\/wp\/v2\/comments?post=25"}],"version-history":[{"count":4,"href":"https:\/\/www.haus-betty.de\/index.php\/wp-json\/wp\/v2\/pages\/25\/revisions"}],"predecessor-version":[{"id":130,"href":"https:\/\/www.haus-betty.de\/index.php\/wp-json\/wp\/v2\/pages\/25\/revisions\/130"}],"wp:attachment":[{"href":"https:\/\/www.haus-betty.de\/index.php\/wp-json\/wp\/v2\/media?parent=25"}],"curies":[{"name":"wp","href":"https:\/\/api.w.org\/{rel}","templated":true}]}}