{"id":19,"date":"2016-07-08T10:13:49","date_gmt":"2016-07-08T08:13:49","guid":{"rendered":"http:\/\/www.haus-betty.de\/?page_id=19"},"modified":"2021-03-11T08:00:05","modified_gmt":"2021-03-11T07:00:05","slug":"wohn-und-esszimmer","status":"publish","type":"page","link":"https:\/\/www.haus-betty.de\/index.php\/wohn-und-esszimmer\/","title":{"rendered":"Wohn- und Esszimmer"},"content":{"rendered":"<p>In unserem Wohnzimmer finden Sie eine gro\u00dfe Wohnlandschaft mit Sat-TV, Radio\/CD-Anlage, DVD-Player, einem gro\u00dfz\u00fcgigen Essbereich, eine Kinderspielecke, B\u00fccher, DVDs und Infomaterial mit Ausflugstipps. Vom Wohnzimmer gelangt man in den angrenzenten Wintergarten.<\/p>\n","protected":false},"excerpt":{"rendered":"<p>In unserem Wohnzimmer finden Sie eine gro\u00dfe Wohnlandschaft mit Sat-TV, Radio\/CD-Anlage, DVD-Player, einem gro\u00dfz\u00fcgigen Essbereich, eine Kinderspielecke, B\u00fccher, DVDs und Infomaterial mit Ausflugstipps. Vom Wohnzimmer gelangt man in den angrenzenten Wintergarten.<\/p>\n","protected":false},"author":1,"featured_media":0,"parent":0,"menu_order":0,"comment_status":"closed","ping_status":"closed","template":"","meta":[],"_links":{"self":[{"href":"https:\/\/www.haus-betty.de\/index.php\/wp-json\/wp\/v2\/pages\/19"}],"collection":[{"href":"https:\/\/www.haus-betty.de\/index.php\/wp-json\/wp\/v2\/pages"}],"about":[{"href":"https:\/\/www.haus-betty.de\/index.php\/wp-json\/wp\/v2\/types\/page"}],"author":[{"embeddable":true,"href":"https:\/\/www.haus-betty.de\/index.php\/wp-json\/wp\/v2\/users\/1"}],"replies":[{"embeddable":true,"href":"https:\/\/www.haus-betty.de\/index.php\/wp-json\/wp\/v2\/comments?post=19"}],"version-history":[{"count":2,"href":"https:\/\/www.haus-betty.de\/index.php\/wp-json\/wp\/v2\/pages\/19\/revisions"}],"predecessor-version":[{"id":120,"href":"https:\/\/www.haus-betty.de\/index.php\/wp-json\/wp\/v2\/pages\/19\/revisions\/120"}],"wp:attachment":[{"href":"https:\/\/www.haus-betty.de\/index.php\/wp-json\/wp\/v2\/media?parent=19"}],"curies":[{"name":"wp","href":"https:\/\/api.w.org\/{rel}","templated":true}]}}